t of 1981336376?
8
What is the hundreds digit of 1145093351?
3
What is the billions digit of 2196070634?
2
What is the hundreds digit of 1093377929?
9
What is the hundreds digit of 58313367?
3
What is the hundred thousands digit of 262141781?
1
What is the millions digit of 207709664?
7
What is the units digit of 28692480?
0
What is the units digit of 18991961?
1
What is the units digit of 194774332?
2
What is the hundreds digit of 40510921?
9
What is the tens digit of 1629958178?
7
What is the ten millions digit of 2430912372?
3
What is the hundreds digit of 215350397?
3
What is the millions digit of 223279618?
3
What is the hundreds digit of 1732007824?
8
What is the ten thousands digit of 4395747322?
4
What is the hundred millions digit of 3027376104?
0
What is the millions digit of 72171796?
2
What is the hundred thousands digit of 7637083059?
0
What is the ten thousands digit of 333670418?
7
What is the millions digit of 847544133?
7
What is the units digit of 580906097?
7
What is the millions digit of 2555202226?
5
What is the millions digit of 127487857?
7
What is the millions digit of 1168046434?
8
What is the thousands digit of 136432664?
2
What is the hundreds digit of 37628628?
6
What is the units digit of 112136238?
8
What is the ten millions digit of 89234600?
8
What is the hundred millions digit of 103645781?
1
What is the hundred thousands digit of 54464867?
4
What is the hundred thousands digit of 43004520?
0
What is the billions digit of 2874253221?
2
What is the thousands digit of 995622741?
2
What is the hundred thousands digit of 867311490?
3
What is the ten millions digit of 692954643?
9
What is the millions digit of 282496631?
2
What is the ten millions digit of 1803585678?
0
What is the hundred millions digit of 2332401603?
3
What is the tens digit of 1253491334?
3
What is the tens digit of 1447139598?
9
What is the units digit of 98136985?
5
What is the hundred millions digit of 104597373?
1
What is the hundred millions digit of 1920909376?
9
What is the ten thousands digit of 421251946?
5
What is the ten thousands digit of 784651851?
5
What is the hundred thousands digit of 17237082?
2
What is the units digit of 283707756?
6
What is the ten thousands digit of 1346232330?
3
What is the hundreds digit of 313689802?
8
What is the ten thousands digit of 272080908?
8
What is the hundred thousands digit of 53690225?
6
What is the units digit of 501950100?
0
What is the hundred millions digit of 1263341985?
2
What is the millions digit of 107953342?
7
What is the ten thousands digit of 697955746?
5
What is the hundred thousands digit of 2387106?
3
What is the hundred millions digit of 412768083?
4
What is the thousands digit of 342750656?
0
What is the ten millions digit of 6343783172?
4
What is the hundred millions digit of 423623320?
4
What is the tens digit of 120313484?
8
What is the millions digit of 128288815?
8
What is the thousands digit of 2567795679?
5
What is the thousands digit of 763851614?
1
What is the hundred thousands digit of 304205728?
2
What is the hundred thousands digit of 120601115?
6
What is the units digit of 806063783?
3
What is the units digit of 32230598?
8
What is the hundred thousands digit of 2170320055?
3
What is the tens digit of 193735391?
9
What is the ten thousands digit of 16189279?
8
What is the hundred millions digit of 1793921170?
7
What is the thousands digit of 78032946?
2
What is the hundreds digit of 43625292?
2
What is the ten thousands digit of 618424819?
2
What is the ten thousands digit of 4474686046?
8
What is the millions digit of 73818434?
3
What is the millions digit of 3296682144?
6
What is the tens digit of 1935690324?
2
What is the tens digit of 2094829951?
5
What is the millions digit of 276373182?
6
What is the hundreds digit of 117097777?
7
What is the hundred millions digit of 2822999624?
8
What is the millions digit of 2185914014?
5
What is the hundred thousands digit of 297790371?
7
What is the ten thousands digit of 58289783?
8
What is the ten millions digit of 1853072361?
5
What is the hundred thousands digit of 1048475488?
4
What is the hundreds digit of 3723270888?
8
What is the hundreds digit of 687703643?
6
What is the hundred thousands digit of 573799?
5
What is the tens digit of 336859818?
1
What is the millions digit of 21226137?
1
What is the hundred thousands digit of 19499534?
4
What is the hundred thousands digit of 1614045977?
0
What is the ten thousands digit of 22800257?
0
What is the hundreds digit of 165412394?
3
What is the ten thousands digit of 46198326?
9
What is the hundred millions digit of 381333692?
3
What is the hundred thousands digit of 562323536?
3
What is the ten thousands digit of 1494299460?
9
What is the hundreds digit of 331738983?
9
What is the hundred thousands digit of 938534247?
5
What is the hundred millions digit of 109551740?
1
What is the hundred thousands digit of 31359497?
3
What is the hundreds digit of 142910980?
9
What is the thousands digit of 10970830?
0
What is the units digit of 34020631?
1
What is the tens digit of 129974869?
6
What is the hundred thousands digit of 132954639?
9
What is the thousands digit of 116583533?
3
What is the hundred thousands digit of 6036036?
0
What is the ten millions digit of 104462347?
0
What is the hundreds digit of 2343107?
1
What is the tens digit of 827358270?
7
What is the thousands digit of 617093337?
3
What is the ten thousands digit of 94960557?
6
What is the tens digit of 183475465?
6
What is the ten millions digit of 513384176?
1
What is the ten thousands digit of 64509573?
0
What is the millions digit of 1492277386?
2
What is the units digit of 36757241?
1
What is the thousands digit of 83916461?
6
What is the ten thousands digit of 1243938479?
3
What is the units digit of 1769492771?
1
What is the hundred thousands digit of 1490073?
4
What is the units digit of 6780021?
1
What is the hundreds digit of 292237547?
5
What is the billions digit of 3388207207?
3
What is the tens digit of 10283077?
7
What is the thousands digit of 8173266398?
6
What is the hundreds digit of 163795754?
7
What is the ten millions digit of 33878152?
3
What is the thousands digit of 678385170?
5
What is the millions digit of 36995028?
6
What is the ten thousands digit of 196347885?
4
What is the billions digit of 1636781765?
1
What is the hundreds digit of 20285136?
1
What is the ten thousands digit of 564766905?
6
What is the hundred thousands digit of 1055464068?
4
What is the ten millions digit of 385474909?
8
What is the thousands digit of 370665498?
5
What is the hundreds digit of 48390693?
6
What is the tens digit of 58763702?
0
What is the hundreds digit of 555427264?
2
What is the hundred millions digit of 283533645?
2
What is the hundred millions digit of 225374536?
2
What is the thousands digit of 81219460?
9
What is the thousands digit of 42974266?
4
What is the hundred millions digit of 177785125?
1
What is the millions digit of 2523595192?
3
What is the hundred millions digit of 378986909?
3
What is the thousands digit of 46934917?
4
What is the ten millions digit of 153266093?
5
What is the ten thousands digit of 23687772?
8
What is the hundreds digit of 38038974?
9
What is the ten thousands digit of 5472559598?
5
What is the hundreds digit of 1974298?
2
What is the thousands digit of 223006823?
6
What is the hundred millions digit of 536008234?
5
What is the ten thousands digit of 1321502270?
0
What is the hundred millions digit of 199870352?
1
What is the hundred millions digit of 4662444578?
6
What is the hundred thousands digit of 2255930018?
9
What is the hundred millions digit of 3415223811?
4
What is the hundred millions digit of 375914461?
3
What is the ten thousands digit of 259698413?
9
What is the hundreds digit of 127215860?
8
What is the thousands digit of 40550468?
0
What is the millions digit of 473201957?
3
What is the hundred thousands digit of 71977332?
9
What is the thousands digit of 56155305?
5
What is the millions digit of 27282314?
7
What is the tens digit of 656821089?
8
What is the ten thousands digit of 12517534?
1
What is the tens digit of 2165445128?
2
What is the millions digit of 61932182?
1
What is the hundreds digit of 999935156?
1
What is the ten m